c. What is the highest common divisor of 10 and u?
10
Let f(t) = -4*t**2 - t. Let y be f(1). Let p be (y + 2)/(1/(-3)). Suppose 2*i + 243 = 5*i. Calculate the highest common factor of i and p.
9
Let q be 1/(-1*(-1)/3). Let r be (-2 + 16)*(-3)/q. Let z be (-4)/(-14) - 108/r. What is the highest common factor of z and 8?
8
Let s = -31 + 33. Let p be (-1320)/45*(-3)/s. Suppose t + 1 - 12 = 0. What is the greatest common divisor of p and t?
11
Let l(k) = -k**2 + 5*k + 1. Let v be l(4). What is the highest common factor of 2 and v?
1
Suppose g = 2*c - 2*g - 45, -5*g = 15. Let x = 0 - -2. Suppose 5*f - 20 = 5*o + 120, -x*f = 4*o - 50. What is the highest common divisor of f and c?
9
Let z be 52 - (2 - 0) - 2. Calculate the highest common divisor of 32 and z.
16
Let v(h) = -35*h + 2. Suppose -2 = -2*c + 3*c. Let q be v(c). What is the highest common factor of 24 and q?
24
Let k = 12 - -28. Let s = -4 + 7. Suppose 0*n - 30 = -s*n. What is the greatest common factor of k and n?
10
Suppose 0 = 5*u - 482 + 32. Suppose -5*n - 93 = -3*f, -44 = -f - 5*n + 7. Calculate the highest common divisor of f and u.
18
Let o(f) = f**2 - f + 148. Let s be o(0). Suppose 5*p + d - 198 = 86, -s = -3*p + 5*d. Calculate the highest common factor of 7 and p.
7
Suppose -3*h - 5*v = -335, -h - 2*v + 105 = -7*v. Suppose 5*j = -6*x + 5*x + 10, 2*x - 4*j - 20 = 0. Calculate the highest common divisor of x and h.
10
Let u(a) = a**2 - a - 3. Let d be (-32)/(-6) - 8/(-12). Let s be u(d). What is the highest common factor of 18 and s?
9
Suppose -5*i + 70 + 20 = 0. Let v(l) = -2*l**3 + l**2 + 2*l + 1. Let k = -2 + 1. Let s be v(k). What is the highest common divisor of i and s?
2
Let a = 0 - -2. Suppose 0 = -a*l + 5*b + 9, -5*l = -2*b - 75. What is the greatest common factor of l and 51?
17
Let p = -8 + 6. Let u be (1 + p)/((-2)/26). What is the highest common factor of u and 104?
13
Let b(v) = -5*v - 20. Let z be b(-8). Let c be 1*-2 + (-1 - -33). Calculate the greatest common factor of c and z.
10
Let o be 4/14 - (-166)/7. Let h = 26 + -22. Suppose 8 - o = -h*a. Calculate the highest common factor of a and 32.
4
Suppose 0 = -2*f - 3 + 5. What is the greatest common factor of f and 11?
1
Suppose -2*q + 0*h = 4*h + 2, -2*h = 8. Calculate the greatest common divisor of q and 63.
7
Let n be -1*-3*(1 - -17). What is the greatest common factor of n and 72?
18
Let b be 6/18 + 16/6. Suppose 5*m + 9 = j - b, j - 12 = -3*m. Calculate the highest common divisor of j and 96.
12
Suppose 18 = -4*g + 2*t, 2*g + 5*t = -0*g - 15. Let v be (-53)/g + 2/5. Calculate the greatest common divisor of 22 and v.
11
Suppose 3*o = 2*o + 84. Calculate the highest common divisor of o and 28.
28
Let k be (-2)/(-4)*(-506)/(-1). Calculate the greatest common factor of 23 and k.
23
Let p(l) = -l**3 - 8*l**2 - 7*l + 3. Let u be p(-6). Let g be u/6*2*-11. Calculate the highest common factor of g and 9.
9
Let b(q) = q**3 + 8*q**2 - 6*q - 12. Let o be b(-6). What is the highest common divisor of o and 72?
24
Let o be 1116/(-48) + (-2)/(-8). Let h = o + 34. Calculate the greatest common factor of h and 11.
11
Let s be (-12)/(-5) - (-8)/(-20). Let p be (s/(-6))/((-4)/36). Suppose j + p*j - 352 = 0. Calculate the highest common factor of 11 and j.
11
Let j = -148 + 298. What is the highest common divisor of 15 and j?
15
Suppose 3*n = 5*n - 100. What is the highest common factor of 20 and n?
10
Let q(z) = -z**3 + 4*z**2 + z + 3. Let y be q(3). Calculate the greatest common divisor of 165 and y.
15
Suppose 0 = x - 5 + 1. Suppose x*p + 12 = 40. What is the highest common divisor of p and 56?
7
Suppose 7*z - 18 = 2*z + 4*a, 2*z - 5*a = -3. What is the highest common divisor of z and 9?
3
Let d(i) = 13*i - 3. Let b be d(3). What is the greatest common divisor of 90 and b?
18
Let y = 1 - 0. Suppose -q = -3*r + y, 2*q - 3*r = r. Let m be ((-64)/(q + -1))/(-1). What is the greatest common factor of m and 8?
8
Suppose -3*c + 840 = -0*c. Suppose -3*r + c = r. Let w(g) = -5*g. Let p be w(-2). Calculate the greatest common factor of r and p.
10
Suppose 3*i = 355 - 61. What is the greatest common factor of i and 14?
14
Let u = 91 + -71. What is the greatest common factor of u and 90?
10
Suppose 3*i + 5 = 4*f - 8*f, 10 = 2*i - 4*f. Let m = i + 0. Let g(w) = -w**2 + 10*w - 5. Let a be g(8). What is the greatest common divisor of a and m?
1
Let t be (-4)/16 - (2 - 530/8). What is the greatest common factor of 8 and t?
8
Suppose -2*m + 3*m - 8 = 0. Let s(o) = o - 3. Let b be s(6). Suppose -2*d - 40 = -b*d. What is the highest common factor of d and m?
8
Let y = -31 - -77. What is the greatest common factor of 115 and y?
23
Let v be 13 - (-6 - -9)*-1. Let o = 9 + -1. What is the highest common divisor of v and o?
8
Let u(b) = 169*b - 167*b - 3*b**2 - b**2 + 6*b**3 + 3. Let n be -1 + 1 + 2 - -1. Let s be u(n). Calculate the greatest common divisor of s and 15.
15
Let k(u) = 3*u**2 + 2*u. Suppose -8*m = -4*m - 4*i + 24, -4*m - 4*i = -8. Let c be k(m). Let y = 63 - -1. What is the greatest common divisor of y and c?
8
Suppose 33 = 3*i - 5*a, a + 22 = i + i. Let o be (22/5)/(1/5). Calculate the highest common divisor of i and o.
11
Suppose a - 6*a = 4*b - 31, -42 = -5*b - 3*a. What is the greatest common divisor of b and 36?
9
Suppose -5*q - 60 = -5*s, 24 = 2*s - 4*q - 0. Suppose -4*w = d - 3 + 11, -3*d = -w - 41. What is the greatest common divisor of s and d?
12
Let a = 77 + -13. What is the greatest common divisor of a and 8?
8
Let x(g) = g**3 - 2*g**2 - 6*g + 2. Let y be x(4). Suppose 0 = -y*c + 5*c + 320. Suppose c = 4*u - 8. Calculate the greatest common divisor of u and 9.
9
Suppose 5*x = -2*v + 309, 5*v - 2*v + 135 = 2*x. Calculate the highest common factor of 7 and x.
7
Let b = 40 - 29. Let s(d) = 164*d - 1. Let p be s(-2). Let k = -230 - p. What is the greatest common factor of k and b?
11
Suppose 5*v - 5*n - 182 = -n, -3*n - 179 = -5*v. Calculate the highest common factor of 2 and v.
2
Suppose -2*o = -3*o + 3. Suppose 0 = 3*y + 5*g - 22, -3*y + o*g + 24 = -6. What is the greatest common divisor of 27 and y?
9
Let m be 0 + -2 - (-1 - 0). Let f be (-2 - 0)/(m/8). Calculate the highest common divisor of f and 4.
4
Let r(a) = a - 7. Suppose 9 = -5*m + 64. Let j be r(m). Calculate the greatest common divisor of 2 and j.
2
Let u(f) be the second derivative of 7*f**3/2 + 11*f**2 - 7*f. Let h be u(11). What is the greatest common factor of 23 and h?
23
Let k(t) = -21*t - 1. Let z be k(-1). Let w be 0 + (-2)/10 - (-5025)/125. Calculate the highest common divisor of w and z.
20
Let x = -10 + 44. Calculate the greatest common factor of x and 85.
17
Let l(x) = x**2 - 12*x + 12. Let o be l(11). Let c be (2/6)/(o/18). What is the greatest common divisor of c and 15?
3
Suppose -5*v - 3*b = -99, v + b - 75 = -3*v. Calculate the greatest common factor of 2 and v.
2
Let p be (-2)/6 + (-40)/15 + 206. What is the highest common factor of p and 29?
29
Let a be (4144/(-52))/(-2) - 4/(-26). Let h = 18 + -13. Calculate the greatest common factor of h and a.
5
Let h be (-7)/(-5 + 3 + 1). Calculate the highest common factor of h and 63.
7
Let s(m) = m**2 + 5*m + 2. Let w be s(-4). Let q = 12 + w. Suppose -4*j + 92 = -9*n + 13*n, 0 = 5*j + 10. Calculate the highest common divisor of q and n.
5
Let u = -190 + 266. Let m = -40 + u. Calculate the greatest common factor of 9 and m.
9
Let t(i) = -i**3 - 5*i**2 + 7*i + 1. Let k be t(-6). Let o = 7 + k. Suppose 0 = -o*c + 6*c - 48. Calculate the highest common divisor of c and 48.
12
Let c = -13 + 5. Suppose -i + 16 = i. Let u be (-2)/i - 82/c. Calculate the greatest common factor of 90 and u.
10
Suppose -n + 20 = 3*m, m + 47 = 4*n + 2*m. Suppose 2*i + r - 51 = i, -4*i = -r - 224. What is the highest common divisor of i and n?
11
Let o(p) = p**3 - 3*p**2 + 2*p - 4. Let f be o(4). Suppose 2*x + 9 - 55 = 0. Let g = 43 - x. What is the greatest common factor of g and f?
20
Suppose 0 = g - 2*c + 1, 0 = -3*g + 3*c - 7*c + 27. Let f(p) = -7*p + 26. Let l be f(-2). Calculate the greatest common divisor of l and g.
5
Let o = -23 + 36. Suppose 0*w - 5*s - 73 = -2*w, 0 = -2*s + 2. What is the highest common factor of o and w?
13
Let s(t) = -t**3 - 20*t**2 - 22*t - 5. Let y be s(-19). Calculate the highest common divisor 